 - -212. Suppose 0 = -24*b + 20*b + m. What is the remainder when b is divided by 9?
4
Suppose 78 = 4*m - 2. Calculate the remainder when 77 is divided by m.
17
Let x be ((-42)/15)/(1/(-15)). Suppose 0 = -3*z + 2 + 4, -5*z + x = 4*p. Calculate the remainder when 15 is divided by p.
7
Let f = 219 - 154. What is the remainder when f is divided by 22?
21
Suppose 49*f - 50*f = -4. Let x(b) = -b + 4. Calculate the remainder when x(-6) is divided by f.
2
Suppose -3*n - 1 = -7. Let d(u) = -u**3 + 6*u**2 - 7*u + 5. What is the remainder when d(4) is divided by n?
1
Let w(i) = 2*i**2 + 3*i + 5. Let r(l) = -2*l - 9. Let k be r(-6). Let y = 11 + k. Calculate the remainder when w(-4) is divided by y.
11
Let u(r) = 5*r + 2. Let h be u(-2). Let t(m) = m**2 + 3*m - 5. What is the remainder when t(4) is divided by h/3*6/(-2)?
7
Calculate the remainder when 64 is divided by 6/(-10) - (-708)/30.
18
Suppose 2*b - 3*q - 20 = 0, 3*q + 83 = 5*b + 15. Calculate the remainder when (90/8)/((-2)/(-8)) is divided by b.
13
Suppose -2*r + 19 = k + 4, -2*r = 4. Let y(x) = 20*x**2 - 2*x - 2. What is the remainder when y(2) is divided by k?
17
Let g = 5 + -11. Let w(a) = 3*a**2 + 6*a - 2. Calculate the remainder when w(g) is divided by 18.
16
Let j(p) = -p**3 - 11*p**2 - 10*p + 9. Let w be j(-9). Let l = -44 - w. Calculate the remainder when l is divided by 11.
8
Suppose 0 = -p - p + 480. Suppose 2*d - 312 = -5*b, 0 = 4*b - 0*b + 4*d - p. What is the remainder when b is divided by 22?
20
Suppose 2*s - 25 = -5. What is the remainder when 48 is divided by s?
8
Let y(o) = -o. Suppose 0 = 4*w + 4*t + 44, 3*w - 8 = -2*t - 38. What is the remainder when 30 is divided by y(w)?
6
Let z = -1 - -10. Suppose 4*j + j - 50 = 0. What is the remainder when j is divided by 6/5*30/z?
2
Let x(v) = -v**3 - 7*v**2 - 7*v + 7. Let j be x(-6). Suppose 5 = q - y, -5*y + 4*y = q - j. What is the remainder when 17 is divided by q?
8
Suppose -3*l + 116 = 4*s, 4*s - 5*l - 116 = -0*l. Suppose -430 = -5*z - 5*c, 5*c - 398 + 136 = -3*z. Calculate the remainder when z is divided by s.
26
Suppose 8*q = -49 + 297. Calculate the remainder when 122 is divided by q.
29
Let d(x) = x**2 + 5*x - 10. Let i be d(-7). Suppose -3*o - 11 = -i*o. Calculate the remainder when 32 is divided by o.
10
Let v = 17 - 21. What is the remainder when 1463/33 - v/6 is divided by 12?
9
Suppose 4*m - s - 8 = 0, m + 3 + 14 = 5*s. What is the remainder when (-92)/(-4) + 4 - m is divided by 2*3*(-3)/(-2)?
6
Let z(y) = -y**3 - 11*y**2 + 11*y + 11. Calculate the remainder when z(-12) is divided by (-10)/(-25) + (-28)/(-5).
5
What is the remainder when 11 is divided by -1 - (3 + -1)*-4?
4
Suppose 2*d = 3*d. Suppose d = n - 5*n + 140. Suppose -5*a + n = -3*j, j - 10 = 3*j. Calculate the remainder when 10 is divided by a.
2
Let d = 8 + -5. Suppose 3*y + 7 + 11 = d*l, -2*l + 11 = -3*y. Calculate the remainder when l is divided by (8/5 + -1)*5.
1
Suppose -2*a = a - 12. Let w(f) = -f**2 - 6*f - 5. Calculate the remainder when a is divided by w(-4).
1
Let h = 57 + -38. What is the remainder when 93 is divided by h?
17
Let l(k) = k**2 - k + 5. Let j be l(4). Let g = j + -10. Calculate the remainder when 25 is divided by g.
4
Suppose 4*l - 204 = 2*m, 0*l - 4*m + 102 = 2*l. Suppose j = -3 + 16. Calculate the remainder when l is divided by j.
12
Let f(w) = w**2 - 6*w + 2. Let z = -9 + 15. Let q be f(z). Suppose -q*b - 2*b + 40 = 0. What is the remainder when b is divided by 4?
2
Let i(x) = -3*x**3 - x**2 - x. Let y be i(-1). Let g = y + 5. Calculate the remainder when 0 - 3/3 - -24 is divided by g.
7
Suppose -n + 9 = -3*a + a, 5*a + 30 = 4*n. Let g = a + 12. Calculate the remainder when 28 is divided by g.
8
Calculate the remainder when -3*(-3)/9 + 30 is divided by (-1680)/(-104) + (-2)/13.
15
Let b(a) = a**2 + 4*a + 1. Let h = 51 - 30. Calculate the remainder when b(6) is divided by h.
19
Let s be 47/2*(1 - -1). Let b = s + -33. Let a = -13 - -39. What is the remainder when a is divided by b?
12
Let h be 45/(-2)*(-4)/5. Suppose 0 = 5*d + 3*g + h - 103, -13 = -2*d + 3*g. Calculate the remainder when 26 is divided by d.
12
Let f(l) = -2*l**2 + l**2 + 2*l**2 - 3 + 3*l. What is the remainder when f(4) is divided by (-1)/(-4) - (-70)/8?
7
Suppose 136 = 4*w + 56. Calculate the remainder when 77 is divided by w.
17
Suppose -5*f + r + 31 = 0, -22 - 3 = -4*f + r. Calculate the remainder when f is divided by (6/15)/(2/10).
0
Suppose 0 = v + 2*v - 27. What is the remainder when 26 is divided by v?
8
Suppose -v + 3*h = -36, 4*v + 2*h = -v + 248. Suppose -v = 2*y - 6*y. Calculate the remainder when y is divided by 7.
5
Suppose 19 = 2*t + t - 5*z, -4*t - 5*z = -2. What is the remainder when t/1 + -2 + 29 is divided by ((-12)/(-5))/((-12)/(-40))?
6
Suppose 2*z + 3 + 7 = 0. Let l(m) = m**2 + m - 1. What is the remainder when l(z) is divided by 11?
8
Let g = 35 + 54. Let f = g - 60. What is the remainder when f is divided by 10?
9
Suppose 17 = d - 7*u + 3*u, 3*u = 3*d - 42. What is the remainder when d is divided by 4?
1
Let o = 39 - 11. What is the remainder when 109 is divided by o?
25
Let m = 10 + -7. Suppose -m = 2*g - 3*z - 14, -g = 2*z - 2. Calculate the remainder when g is divided by 3.
1
Let j = 1 + -4. Let x(c) = c**3 - 8*c**2 + 2*c - 7. What is the remainder when (j/(-6))/((-1)/(-34)) is divided by x(8)?
8
Suppose 90 = 2*a - 104. Suppose -5*x + a = -3*p, -2*x - 4*p = x - 64. What is the remainder when 59 is divided by x?
19
Suppose 0 = 5*d + 3*r - 8, r - 1 = 2*d - 13. Calculate the remainder when 120/9 + (-4)/12 is divided by d.
1
Suppose -5*b - h + 109 = 0, -6*b + 3*h = -2*b - 72. What is the remainder when 58 is divided by b?
16
Let c(q) = -q**3 - 4*q**2 + 7*q - 8. Suppose -2*d - 18 = -5*d. Calculate the remainder when c(-6) is divided by d.
4
Suppose o - 3*t = -3*o + 11, 2*o + 5*t + 1 = 0. Suppose 3*j + 5 = 11. What is the remainder when j is divided by o?
0
Let u(r) = 4*r**3 - 4*r**2 + r - 7. Calculate the remainder when u(3) is divided by 23.
22
Suppose 4*d = 5*x + 195, 5*d + 2*x = -x + 216. Let c = -31 + d. What is the remainder when 53 is divided by c?
11
Let w(c) = -2*c**2 - 7*c + 7. Let g be w(-6). Suppose 5*h - 135 - 80 = 0. Let r = h + g. Calculate the remainder when r is divided by 11.
9
Let t(k) = -k + 13. Let f be t(6). Let d(n) = f*n**2 - 2*n + 2*n + 1. Calculate the remainder when 15 is divided by d(-1).
7
Suppose -2*t + 16 = -10. What is the remainder when t is divided by 6?
1
Calculate the remainder when (-2)/(2 - 52/25) is divided by (-4 + -2)/((-4)/18*3).
7
Suppose -22 = -2*v - 4. Calculate the remainder when 14 is divided by v.
5
Let j(u) = u**2. Let n be j(-2). Suppose -5*r = 15, 3*p - 42 = n*r + 21. Calculate the remainder when p is divided by 5.
2
Suppose -14 = -4*y + 2. Suppose 3*w = 15, 3*n - 2*n + y*w = 18. Calculate the remainder when (75/12)/(n/(-8)) is divided by 9.
7
Let m = 32 + -20. Calculate the remainder when 46 is divided by m.
10
Let a be 14/4*12/21. Suppose 2*p = p + a. What is the remainder when (4/(-4))/(1/(-5)) is divided by p?
1
Let c = -7 + 8. Let b = 10 + -7. Suppose u - b = -c. Calculate the remainder when 4 is divided by u.
0
Suppose 0*t + 16 = t. Let k = 595 + -365. Suppose h = -4*h + k. Calculate the remainder when h is divided by t.
14
Suppose -b + 62 = 11. What is the remainder when b is divided by 14?
9
Suppose 4*d + 16 = 6*d. Let b = 13 - 8. Suppose -3*o + 5*c + 41 = 0, -2*o + b*c = -4*o + 69. Calculate the remainder when o is divided by d.
6
Suppose 5*y - 2 + 3 = -4*b, 3*b = 5*y + 43. Suppose 5*h = 4*w + 41, 0 = 4*w - 3*h + 2*h + 21. Let p = b + w. Calculate the remainder when p is divided by 2.
0
Let h(y) = y + 3. Let c(t) = -4*t - 16. Let a(j) = 2*c(j) + 11*h(j). Let q(k) = -k**2 + 7*k - 6. What is the remainder when a(3) is divided by q(5)?
2
Let j(t) = t**2 - 6*t + 6. Let x be j(4). Let p be 2/4*(12 - x). Let v(m) = -m**3 + 7*m**2 + m. Calculate the remainder when 19 is divided by v(p).
5
Let r(o) = -o**2 - 19*o - 35. What is the remainder when 75 is divided by r(-16)?
10
Let j = 3 - 4. Suppose 88 + 4 = 4*r - o, -3*o - 100 = -4*r. Calculate the remainder when r is divided by -2*j/(-2) - -13.
10
Let i(y) = 17 + 0*y - 4*y - 8*y - 5*y**2 + 4*y**2. Calculate the remainder when i(-12) is divided by